(10).
-6
Let v(l) = 111*l + 3553. Determine v(-32).
1
Let t(m) = 804*m + 7281. Give t(-9).
45
Let z(d) = -81*d - 314. Calculate z(-3).
-71
Let y(i) = 39*i - 195. Determine y(5).
0
Let l(r) = -r**3 - 195*r**2 - 568*r + 1540. Give l(-192).
4
Let o(w) = 8*w**2 - 280*w + 47. Give o(35).
47
Let x(z) = z**3 - z**2 + 468*z - 1413. What is x(3)?
9
Let i(q) = -q**3 + 76*q**2 + 183*q - 2102. Calculate i(78).
4
Let s(c) = c**3 + 13*c**2 - 3*c + 22. Calculate s(-14).
-132
Let d(l) = 53*l + 348. Calculate d(-7).
-23
Let f(q) = -10*q**2 + 37*q - 70. Give f(2).
-36
Let x(f) = 250*f + 1294. Calculate x(-5).
44
Let v(y) = 111*y - 6667. What is v(60)?
-7
Let q(f) = 1037*f - 3114. Determine q(3).
-3
Let a(n) = -n**2 - 1166*n - 45045. Determine a(-40).
-5
Let b(d) = -d**3 + 12*d - 321. Determine b(0).
-321
Let l(p) = 113*p**2 - 3504*p + 26. Calculate l(31).
-5
Let h(o) = o**3 + 15*o**2 + 23*o - 46. Calculate h(-13).
-7
Let c(m) = 367*m - 13271. Determine c(36).
-59
Let c(v) = -v**3 - 15*v**2 - 24*v - 62. Give c(-14).
78
Let g(i) = i**3 + 38*i**2 - i - 9. Determine g(0).
-9
Let k(n) = -9*n**2 + 36*n + 82. Determine k(9).
-323
Let z(o) = -o**3 - 36*o**2 - 148*o - 3. Determine z(-5).
-38
Let i(v) = -395*v + 2364. Give i(6).
-6
Let q(z) = -13*z + 103. What is q(-14)?
285
Let z(h) = -36*h + 761. What is z(21)?
5
Let k(h) = -11*h - 352. Determine k(-38).
66
Let f(w) = w**2 + 12*w - 21. What is f(-13)?
-8
Let g(z) = -z**3 + 15*z**2 + 29*z - 217. Determine g(16).
-9
Let l(y) = -5*y**2 + 92*y - 246. Calculate l(15).
9
Let n(p) = -2*p**2 - 422*p + 7251. Determine n(16).
-13
Let q(u) = -46*u + 9. What is q(1)?
-37
Let z(m) = 12*m**2 + 15*m - 102. Determine z(6).
420
Let m(y) = 32*y**3 + 14*y**2 - 14*y - 1. Calculate m(1).
31
Let c(b) = -b**2 - 13*b + 3848. Calculate c(56).
-16
Let b(y) = -245*y - 3843. What is b(-16)?
77
Let y(h) = -318*h - 46121. Give y(-145).
-11
Let h(i) = -i**3 - 7*i**2 - 192*i + 192. Calculate h(1).
-8
Let z(c) = -5*c**2 + 216*c + 54. What is z(42)?
306
Let s(u) = 663*u + 9920. Give s(-15).
-25
Let g(p) = 22*p**2 - 2154*p - 272. Give g(98).
-76
Let n(a) = -2*a**2 - 34*a + 51. Determine n(-19).
-25
Let t(w) = -5*w**3 - 12*w - 5. Determine t(-3).
166
Let y(t) = -66*t - 85. Determine y(-1).
-19
Let i(h) = -2*h**3 - 14*h**2 + 8*h + 27. Determine i(-7).
-29
Let i(q) = -q**3 - 8*q**2 + 97*q + 783. Give i(-10).
13
Let l(g) = 559*g + 10653. Determine l(-19).
32
Let m(k) = -13*k - 599. What is m(-43)?
-40
Let m(p) = -200*p - 1194. What is m(-6)?
6
Let i(o) = 55*o + 130. Give i(-3).
-35
Let g(c) = -119*c - 2138. What is g(-18)?
4
Let z(y) = -3*y**2 - 291*y - 523. Determine z(-95).
47
Let h(g) = 202*g - 509. Calculate h(3).
97
Let b(c) = 15*c - 225. What is b(11)?
-60
Let n(p) = -p**3 - 9*p**2 + 98*p + 112. What is n(-15)?
-8
Let m(t) = 37*t + 361. Calculate m(-7).
102
Let f(r) = r**3 - 24*r**2 - 49. Determine f(24).
-49
Let p(t) = 6*t**2 + 36*t + 30. What is p(-5)?
0
Let m(k) = 258*k**3 + 2*k**2 - 6*k + 4. Determine m(1).
258
Let f(u) = 13*u - 1031. Determine f(71).
-108
Let y(i) = i**3 - 43*i**2 - 45*i - 61. Give y(44).
-105
Let u(t) = -t**3 + 18*t**2 + 64. Calculate u(18).
64
Let b(v) = 8*v + 19. Calculate b(7).
75
Let g(w) = 2*w**3 - 5*w**2 - 5*w - 10. Determine g(-3).
-94
Let s(a) = 6*a**2 - 64*a + 130. Give s(8).
2
Let m(o) = -109*o - 1847. Give m(-17).
6
Let v(r) = -3*r**3 - r**2 - 21*r - 50. Calculate v(-5).
405
Let w(f) = -42*f**2 - 1090*f - 36. What is w(-26)?
-88
Let c(o) = -4*o**3 - o**2 - 14*o + 14. Calculate c(1).
-5
Let f(d) = -48*d + 237. Calculate f(5).
-3
Let y(a) = 233*a - 975. Calculate y(4).
-43
Let y(s) = s**3 - 2*s**2 - 57*s - 97. What is y(-2)?
1
Let m(n) = -n**3 - 31*n**2 + 46*n + 320. Determine m(-32).
-128
Let v(r) = -r**2 - 64*r - 259. Calculate v(-4).
-19
Let n(b) = b**3 - 42*b**2 + 113*b + 132. What is n(39)?
-24
Let b(l) = 611*l - 11588. Calculate b(19).
21
Let q(f) = 2*f**3 - 10*f**2 - 188*f + 1050. Calculate q(6).
-6
Let v(a) = -1080*a - 173882. Give v(-161).
-2
Let k(s) = 12*s - 566. Determine k(47).
-2
Let a(o) = o**3 + 58*o**2 - 4*o - 252. Calculate a(-58).
-20
Let v(h) = -h**2 + 248*h - 3250. Determine v(14).
26
Let t(f) = -31*f**2 - 203*f - 2. What is t(-7)?
-100
Let n(y) = -91*y - 3459. What is n(-39)?
90
Let n(h) = h**3 - 28*h**2 - 23*h - 187. Give n(29).
-13
Let f(x) = x**2 - 37*x + 269. Determine f(9).
17
Let g(f) = -25*f - 286. Calculate g(-12).
14
Let x(r) = -535*r - 10164. Calculate x(-19).
1
Let z(s) = -24*s**2 - 23*s - 49. Calculate z(-2).
-99
Let p(f) = 13*f + 1775. Determine p(-137).
-6
Let s(p) = -4*p**3 + 11*p - 2. Determine s(-4).
210
Let k(r) = -74*r - 478. Give k(-4).
-182
Let g(r) = 3*r**3 - 59*r**2 - 18*r - 48. Calculate g(20).
-8
Let a(b) = 2*b**3 + 71*b**2 + 107*b + 174. Determine a(-34).
4
Let d(m) = 11*m**2 + 107*m + 1. Give d(-10).
31
Let j(c) = c**3 + 13*c**2 + 20*c. What is j(-2)?
4
Let g(p) = 13*p**3 + 348*p**2 - 63*p + 11. Determine g(-27).
-475
Let w(r) = -r**2 - 47*r + 117. Determine w(-49).
19
Let x(z) = 3*z**2 + 95*z + 17. Give x(-31).
-45
Let l(p) = 2*p**3 - 25*p**2 - 26*p - 28. Calculate l(13).
-197
Let w(y) = -y**2 - 11*y + 2078. Calculate w(41).
-54
Let j(w) = 2*w**2 + 6*w + 16. What is j(-7)?
72
Let n(c) = 16782*c - 352419. Give n(21).
3
Let x(t) = -1112*t - 6861. Determine x(-6).
-189
Let b(l) = 2*l - 17. Give b(15).
13
Let b(g) = 2*g**3 + 10*g**2 - 12*g - 8. Calculate b(-6).
-8
Let x(j) = -3854*j + 11517. Determine x(3).
-45
Let j(m) = -15*m**2 - 58*m + 252. Calculate j(4).
-220
Let z(o) = -o**2 + 29*o - 126. Determine z(6).
12
Let n(u) = 2*u**2 - 130*u + 1382. Give n(56).
374
Let a(y) = -2*y**3 - 2*y**2 + 13*y + 21. Determine a(-5).
156
Let i(b) = b**3 + 20*b**2 - 31*b - 214. What is i(-21)?
-4
Let k(m) = 4*m**3 - 3*m**2 - 7*m - 7. Calculate k(-2).
-37
Let s(x) = x**2 - 130*x + 4018. Determine s(79).
-11
Let h(w) = -6*w**3 + w**2 - 304*w + 920. What is h(3)?
-145
Let d(t) = -t**3 - 27*t**2 + 1541*t + 15. What is d(28)?
43
Let r(b) = -4516*b - 1. Determine r(0).
-1
Let a(k) = 267*k + 40352. What is a(-151)?
35
Let a(b) = -12*b**2 + 1593*b + 408. What is a(133)?
9
Let o(h) = -148*h - 127. Calculate o(-1).
21
Let r(z) = z**2 - 41*z + 307. Calculate r(30).
-23
Let k(p) = 5*p**3 - p**2 + 15*p + 15. Determine k(-1).
-6
Let o(u) = -u**2 + 35*u + 390. Determine o(-10).
-60
Let b(z) = -3*z - 24. Give b(0).
-24
Let z(g) = g**2 - 111*g + 1524. What is z(16)?
4
Let t(n) = 7*n**2 - 69*n + 163. Determine t(4).
-1
Let a(d) = 44*d + 131. Calculate a(-4).
-45
Let d(j) = -322*j + 1931. Determine d(6).
-1
Let s(v) = -31*v - 290. Determine s(-9).
-11
Let b(r) = r**3 + 25*r**2 - 38*r - 253. What is b(-26)?
59
Let u(l) = l**3 + 33*l**2 + 13*l + 438. What is u(-33)?
9
Let l(m) = -4*m**2 - 115*m - 68. Give l(-28).
16
Let g(i) = 4*i**3 - 32*i**2 + 4*i - 23. Give g(8).
9
Let r(v) = -v**2 + 28*v + 225. Calculate r(41).
-308
Let o(t) = 14*t + 218. Determine o(-16).
-6
Let f(v) = -5*v**2 - 90*v + 575. What is f(-23)?
0
Let o(x) = -55*x + 149. Calculate o(4).
-71
Let y(l) = l**2 - 9*l - 16. Determine y(21).
236
Let n(t) = -2*t**2 + 23*t - 77. What is n(14)?
-147
Let p(x) = -18*x**2 + 106*x + 10. Determine p(6).
-2
Let h(s) = 2*s**2 - 2*s + 8. What is h(14)?
372
Let m(j) = -1432*j + 180432. Give m(126).
0
Let n(c) = -490*c - 9761. Give n(-20).
39
Let s(k) = -k**3 + 86*k**2 + k - 42. Determine s(86).
44
Let c(a) = 244*a + 36338. What is c(-149)?
-18
Let a(l) = -l**3 - 182*l**2 - 6070*l + 84. What is a(-44)?
-4
Let r(b) = -49*b**2 - 277*b + 834. Calculate r(3).
-438
Let x(r) = 35*r**2 - 64*r + 4. What is x(1)?
-25
Let u(c) = c**3 - 5*c**2 - 11*c + 16. Determine u(6).
-14
Let f(j) = 5*j**3 - 4*j**2 + 187*j - 556. Calculate f(3).
104
Let p(u) = u**2 - 33*u + 363. What is p(31)?
301
Let d(b) = -7*b**3 + 36*b**2 + 9*b - 11. What is d(5)?
59
Let l(k) = k**3 + 21*k**2 + 38*k + 184. What is l(-19)?
184
Let o(t) = -t**2 - 34*t + 138. Determine o(-31).
231
Let a(g) = 2*g**2 - 46*g + 17. Give a(19).
-135
Let z(w) = -w**2 + 9*w + 1620. Calculate z(-37).
-82
Let v(m) = 3*m**3 + m**2 - 57*m + 22. Calculate v(4).
2
Let s(m) = 608*m**2 - 17*m - 19. Give s(-1).
606
Let f(d) = 22*d**3 + 41*d**2 + 2*d + 4. What is f(-2)?
-12
Let p(c) = 3*c**2 - 9*c + 8. Give p(3).
8
Let t(x) = -2*x**3 + 30*x**2 - 51*x + 326. Give t(14).
4
Let n(j) =